{"id":4602,"date":"2025-09-18T14:30:53","date_gmt":"2025-09-18T14:30:53","guid":{"rendered":"https:\/\/www.blognoel.com\/?page_id=4602"},"modified":"2025-09-18T14:30:56","modified_gmt":"2025-09-18T14:30:56","slug":"personajes","status":"publish","type":"page","link":"https:\/\/www.blognoel.com\/es\/personajes\/","title":{"rendered":"Personajes"},"content":{"rendered":"<p class=\"wp-block-paragraph\">Personnages important de la f\u00eate de <a href=\"https:\/\/www.blognoel.com\/es\/\">Navidad<\/a><\/p>\n\n\n\n<h2 class=\"wp-block-heading\">\ud83c\udf84 Los grandes personajes navide\u00f1os y sus historias<\/h2>\n\n\n\n<p class=\"wp-block-paragraph\">La f\u00eate est avant tout le rappel de la naissance de <a href=\"https:\/\/www.blognoel.com\/es\/personajes\/jesus\/\">Jes\u00fas<\/a>, comme d\u00e9crit dans la Bible. Voici les personnages des textes bibliques: <\/p>\n\n\n\n<h3 class=\"wp-block-heading\">\ud83c\udf1f Mar\u00eda<\/h3>\n\n\n\n<p class=\"wp-block-paragraph\">Mar\u00eda, una joven humilde y llena de fe, est\u00e1 en el coraz\u00f3n del misterio de la Navidad. Acoge al Ni\u00f1o de Dios en su seno con confianza y dulzura, ofreciendo al mundo un ejemplo de amor y disponibilidad.<\/p>\n\n\n\n<h3 class=\"wp-block-heading\">\ud83c\udf1f Jos\u00e9<\/h3>\n\n\n\n<p class=\"wp-block-paragraph\">Jos\u00e9, hombre justo y protector, es el guardi\u00e1n silencioso de la Sagrada Familia. Con su fidelidad y valent\u00eda, vela por Mar\u00eda y Jes\u00fas, s\u00edmbolo de confianza y responsabilidad.<\/p>\n\n\n\n<h3 class=\"wp-block-heading\">\ud83c\udf1f Jes\u00fas<\/h3>\n\n\n\n<p class=\"wp-block-paragraph\">Jes\u00fas, el Ni\u00f1o del pesebre, es el centro de la celebraci\u00f3n navide\u00f1a. En la humildad de un pesebre, trae paz, luz y esperanza al mundo, revelando la grandeza del amor divino en la sencillez.<\/p>\n\n\n\n<h3 class=\"wp-block-heading\">\ud83c\udf1f Los pastores<\/h3>\n\n\n\n<p class=\"wp-block-paragraph\">Los pastores son los primeros testigos del nacimiento. Humildemente, corren al pesebre, representando los corazones sencillos y pobres que saben reconocer la presencia de Dios en la vida cotidiana.<\/p>\n\n\n\n<h3 class=\"wp-block-heading\">\ud83c\udf1f El \u00e1ngel<\/h3>\n\n\n\n<p class=\"wp-block-paragraph\">El \u00e1ngel de la Navidad es el mensajero de la Buena Nueva. Su voz resuena en la noche para anunciar la paz a las personas de buena voluntad, trayendo luz y esperanza al mundo entero.<\/p>\n\n\n\n<h3 class=\"wp-block-heading\">\ud83c\udf1f Los Reyes Magos<\/h3>\n\n\n\n<p class=\"wp-block-paragraph\">Guiados por la estrella, los Reyes Magos llegan de lejos para ofrecer sus preciosos dones: oro, mirra e incienso. Simbolizan la b\u00fasqueda espiritual de toda la humanidad y la adoraci\u00f3n de todas las naciones ante el Ni\u00f1o Jes\u00fas.<\/p>\n\n\n\n<p class=\"wp-block-paragraph\">Personajes principales del mundo<\/p>\n\n\n\n<h2 class=\"wp-block-heading\">\ud83c\udf85 1. Pap\u00e1 Noel<\/h2>\n\n\n\n<h3 class=\"wp-block-heading\">Origen<\/h3>\n\n\n\n<p class=\"wp-block-paragraph\">Inspirado por <strong>San Nicol\u00e1s<\/strong>, luego popularizado por la cultura estadounidense.<\/p>\n\n\n\n<h3 class=\"wp-block-heading\">Role<\/h3>\n\n\n\n<p class=\"wp-block-paragraph\">S\u00edmbolo universal de la Navidad, el que <strong>distribuye regalos<\/strong>.<\/p>\n\n\n\n<hr class=\"wp-block-separator has-alpha-channel-opacity\"\/>\n\n\n\n<h2 class=\"wp-block-heading\">\ud83d\udc7c 2. El Ni\u00f1o Jes\u00fas<\/h2>\n\n\n\n<h3 class=\"wp-block-heading\">Origen<\/h3>\n\n\n\n<p class=\"wp-block-paragraph\">Figura central de la <strong>fiesta cristiana<\/strong>.<\/p>\n\n\n\n<h3 class=\"wp-block-heading\">Role<\/h3>\n\n\n\n<p class=\"wp-block-paragraph\">Representa el <strong>nacimiento de Jes\u00fas<\/strong>, que se celebra el 25 de diciembre.<\/p>\n\n\n\n<hr class=\"wp-block-separator has-alpha-channel-opacity\"\/>\n\n\n\n<h2 class=\"wp-block-heading\">\ud83c\udf81 3. San Nicol\u00e1s<\/h2>\n\n\n\n<h3 class=\"wp-block-heading\">Origen<\/h3>\n\n\n\n<p class=\"wp-block-paragraph\">Obispo de <strong>Myre<\/strong> En el siglo IV, protector de los ni\u00f1os.<\/p>\n\n\n\n<h3 class=\"wp-block-heading\">Role<\/h3>\n\n\n\n<p class=\"wp-block-paragraph\">Distribuye regalos en <strong>6 de diciembre<\/strong> en muchos pa\u00edses europeos.<\/p>\n\n\n\n<hr class=\"wp-block-separator has-alpha-channel-opacity\"\/>\n\n\n\n<h2 class=\"wp-block-heading\">\ud83e\udddd 4. Los elfos navide\u00f1os<\/h2>\n\n\n\n<h3 class=\"wp-block-heading\">Origen<\/h3>\n\n\n\n<p class=\"wp-block-paragraph\">Desde <strong>Folclore n\u00f3rdico<\/strong>.<\/p>\n\n\n\n<h3 class=\"wp-block-heading\">Role<\/h3>\n\n\n\n<p class=\"wp-block-paragraph\">Ayuda a Pap\u00e1 Noel a <strong>hacer juguetes<\/strong> y preparar la distribuci\u00f3n.<\/p>\n\n\n\n<hr class=\"wp-block-separator has-alpha-channel-opacity\"\/>\n\n\n\n<h2 class=\"wp-block-heading\">\ud83e\udd8c 5. El reno de Pap\u00e1 Noel<\/h2>\n\n\n\n<h3 class=\"wp-block-heading\">Origen<\/h3>\n\n\n\n<p class=\"wp-block-paragraph\">Poema estadounidense del siglo XIX (<em>La noche antes de Navidad<\/em>).<\/p>\n\n\n\n<h3 class=\"wp-block-heading\">Role<\/h3>\n\n\n\n<p class=\"wp-block-paragraph\">Tire del <strong>El trineo de Pap\u00e1 Noel<\/strong>.<\/p>\n\n\n\n<hr class=\"wp-block-separator has-alpha-channel-opacity\"\/>\n\n\n\n<h2 class=\"wp-block-heading\">\ud83d\udc75 6. Madre Navidad<\/h2>\n\n\n\n<h3 class=\"wp-block-heading\">Origen<\/h3>\n\n\n\n<p class=\"wp-block-paragraph\">Apareci\u00f3 en el <strong>literatura anglosajona<\/strong> en el siglo XIX.<\/p>\n\n\n\n<h3 class=\"wp-block-heading\">Role<\/h3>\n\n\n\n<p class=\"wp-block-paragraph\">La esposa de Santa Claus, figura <strong>maternal y cari\u00f1osa<\/strong>.<\/p>\n\n\n\n<hr class=\"wp-block-separator has-alpha-channel-opacity\"\/>\n\n\n\n<h2 class=\"wp-block-heading\">\ud83c\udf84 7. Los Reyes Magos<\/h2>\n\n\n\n<h3 class=\"wp-block-heading\">Origen<\/h3>\n\n\n\n<p class=\"wp-block-paragraph\">Mencionado en el<strong>Evangelio seg\u00fan Mateo<\/strong>.<\/p>\n\n\n\n<h3 class=\"wp-block-heading\">Role<\/h3>\n\n\n\n<p class=\"wp-block-paragraph\">Melchor, Gaspar y Baltasar traen regalos a Jes\u00fas.<\/p>\n\n\n\n<hr class=\"wp-block-separator has-alpha-channel-opacity\"\/>\n\n\n\n<h2 class=\"wp-block-heading\">\ud83d\udc69\u200d\ud83e\uddb1 8. La Befana (Italia)<\/h2>\n\n\n\n<h3 class=\"wp-block-heading\">Origen<\/h3>\n\n\n\n<p class=\"wp-block-paragraph\">Tradici\u00f3n italiana, heredada de las creencias <strong>paganos<\/strong> luego cristianizado.<\/p>\n\n\n\n<h3 class=\"wp-block-heading\">Role<\/h3>\n\n\n\n<p class=\"wp-block-paragraph\">Anciana trayendo regalos <strong>6 de enero<\/strong>, como una bruja-hada ben\u00e9vola.<\/p>\n\n\n\n<hr class=\"wp-block-separator has-alpha-channel-opacity\"\/>\n\n\n\n<h2 class=\"wp-block-heading\">\ud83c\udf85 9. Ded Moroz (Rusia) y Snegurochka<\/h2>\n\n\n\n<h3 class=\"wp-block-heading\">Origen<\/h3>\n\n\n\n<p class=\"wp-block-paragraph\">Desde <strong>folclore eslavo<\/strong>.<\/p>\n\n\n\n<h3 class=\"wp-block-heading\">Role<\/h3>\n\n\n\n<p class=\"wp-block-paragraph\">El abuelo Frost distribuye los regalos, ayudado por su nieta. <strong>Doncella de nieve<\/strong>, la doncella de nieve.<\/p>\n\n\n\n<p class=\"wp-block-paragraph\"><\/p>","protected":false},"excerpt":{"rendered":"<p>Personnages important de la f\u00eate de No\u00ebl \ud83c\udf84 Les grands personnages de No\u00ebl et leurs histoires La f\u00eate est avant tout le rappel de la naissance de J\u00e9sus, comme d\u00e9crit dans la Bible. Voici les personnages des textes bibliques: \ud83c\udf1f Marie Marie, jeune femme humble et pleine de foi, est au c\u0153ur du myst\u00e8re de&#8230;<\/p>","protected":false},"author":18,"featured_media":4603,"parent":0,"menu_order":0,"comment_status":"closed","ping_status":"closed","template":"","meta":{"_kad_blocks_custom_css":"","_kad_blocks_head_custom_js":"","_kad_blocks_body_custom_js":"","_kad_blocks_footer_custom_js":"","_kadence_starter_templates_imported_post":false,"_kad_post_transparent":"","_kad_post_title":"","_kad_post_layout":"","_kad_post_sidebar_id":"","_kad_post_content_style":"","_kad_post_vertical_padding":"","_kad_post_feature":"","_kad_post_feature_position":"","_kad_post_header":false,"_kad_post_footer":false,"_kad_post_classname":"","footnotes":""},"class_list":["post-4602","page","type-page","status-publish","has-post-thumbnail","hentry"],"taxonomy_info":[],"featured_image_src_large":["https:\/\/www.blognoel.com\/wp-content\/uploads\/2025\/09\/personnages-fete-de-noel-1200x800.png",1200,800,true],"author_info":{"display_name":"Jean","author_link":"https:\/\/www.blognoel.com\/es\/author\/bcbg12\/"},"comment_info":0,"jetpack_sharing_enabled":true,"_links":{"self":[{"href":"https:\/\/www.blognoel.com\/es\/wp-json\/wp\/v2\/pages\/4602","targetHints":{"allow":["GET"]}}],"collection":[{"href":"https:\/\/www.blognoel.com\/es\/wp-json\/wp\/v2\/pages"}],"about":[{"href":"https:\/\/www.blognoel.com\/es\/wp-json\/wp\/v2\/types\/page"}],"author":[{"embeddable":true,"href":"https:\/\/www.blognoel.com\/es\/wp-json\/wp\/v2\/users\/18"}],"replies":[{"embeddable":true,"href":"https:\/\/www.blognoel.com\/es\/wp-json\/wp\/v2\/comments?post=4602"}],"version-history":[{"count":1,"href":"https:\/\/www.blognoel.com\/es\/wp-json\/wp\/v2\/pages\/4602\/revisions"}],"predecessor-version":[{"id":4604,"href":"https:\/\/www.blognoel.com\/es\/wp-json\/wp\/v2\/pages\/4602\/revisions\/4604"}],"wp:featuredmedia":[{"embeddable":true,"href":"https:\/\/www.blognoel.com\/es\/wp-json\/wp\/v2\/media\/4603"}],"wp:attachment":[{"href":"https:\/\/www.blognoel.com\/es\/wp-json\/wp\/v2\/media?parent=4602"}],"curies":[{"name":"wp","href":"https:\/\/api.w.org\/{rel}","templated":true}]}}

<p class="wp-block-paragraph">Personnages important de la fête de <a href="https://www.blognoel.com/es/">Navidad</a></p>



<h2 class="wp-block-heading">🎄 Los grandes personajes navideños y sus historias</h2>



<p class="wp-block-paragraph">La fête est avant tout le rappel de la naissance de <a href="https://www.blognoel.com/es/personajes/jesus/">Jesús</a>, comme décrit dans la Bible. Voici les personnages des textes bibliques: </p>



<h3 class="wp-block-heading">🌟 María</h3>



<p class="wp-block-paragraph">María, una joven humilde y llena de fe, está en el corazón del misterio de la Navidad. Acoge al Niño de Dios en su seno con confianza y dulzura, ofreciendo al mundo un ejemplo de amor y disponibilidad.</p>



<h3 class="wp-block-heading">🌟 José</h3>



<p class="wp-block-paragraph">José, hombre justo y protector, es el guardián silencioso de la Sagrada Familia. Con su fidelidad y valentía, vela por María y Jesús, símbolo de confianza y responsabilidad.</p>



<h3 class="wp-block-heading">🌟 Jesús</h3>



<p class="wp-block-paragraph">Jesús, el Niño del pesebre, es el centro de la celebración navideña. En la humildad de un pesebre, trae paz, luz y esperanza al mundo, revelando la grandeza del amor divino en la sencillez.</p>



<h3 class="wp-block-heading">🌟 Los pastores</h3>



<p class="wp-block-paragraph">Los pastores son los primeros testigos del nacimiento. Humildemente, corren al pesebre, representando los corazones sencillos y pobres que saben reconocer la presencia de Dios en la vida cotidiana.</p>



<h3 class="wp-block-heading">🌟 El ángel</h3>



<p class="wp-block-paragraph">El ángel de la Navidad es el mensajero de la Buena Nueva. Su voz resuena en la noche para anunciar la paz a las personas de buena voluntad, trayendo luz y esperanza al mundo entero.</p>



<h3 class="wp-block-heading">🌟 Los Reyes Magos</h3>



<p class="wp-block-paragraph">Guiados por la estrella, los Reyes Magos llegan de lejos para ofrecer sus preciosos dones: oro, mirra e incienso. Simbolizan la búsqueda espiritual de toda la humanidad y la adoración de todas las naciones ante el Niño Jesús.</p>



<p class="wp-block-paragraph">Personajes principales del mundo</p>



<h2 class="wp-block-heading">🎅 1. Papá Noel</h2>



<h3 class="wp-block-heading">Origen</h3>



<p class="wp-block-paragraph">Inspirado por <strong>San Nicolás</strong>, luego popularizado por la cultura estadounidense.</p>



<h3 class="wp-block-heading">Role</h3>



<p class="wp-block-paragraph">Símbolo universal de la Navidad, el que <strong>distribuye regalos</strong>.</p>



<hr class="wp-block-separator has-alpha-channel-opacity"/>



<h2 class="wp-block-heading">👼 2. El Niño Jesús</h2>



<h3 class="wp-block-heading">Origen</h3>



<p class="wp-block-paragraph">Figura central de la <strong>fiesta cristiana</strong>.</p>



<h3 class="wp-block-heading">Role</h3>



<p class="wp-block-paragraph">Representa el <strong>nacimiento de Jesús</strong>, que se celebra el 25 de diciembre.</p>



<hr class="wp-block-separator has-alpha-channel-opacity"/>



<h2 class="wp-block-heading">🎁 3. San Nicolás</h2>



<h3 class="wp-block-heading">Origen</h3>



<p class="wp-block-paragraph">Obispo de <strong>Myre</strong> En el siglo IV, protector de los niños.</p>



<h3 class="wp-block-heading">Role</h3>



<p class="wp-block-paragraph">Distribuye regalos en <strong>6 de diciembre</strong> en muchos países europeos.</p>



<hr class="wp-block-separator has-alpha-channel-opacity"/>



<h2 class="wp-block-heading">🧝 4. Los elfos navideños</h2>



<h3 class="wp-block-heading">Origen</h3>



<p class="wp-block-paragraph">Desde <strong>Folclore nórdico</strong>.</p>



<h3 class="wp-block-heading">Role</h3>



<p class="wp-block-paragraph">Ayuda a Papá Noel a <strong>hacer juguetes</strong> y preparar la distribución.</p>



<hr class="wp-block-separator has-alpha-channel-opacity"/>



<h2 class="wp-block-heading">🦌 5. El reno de Papá Noel</h2>



<h3 class="wp-block-heading">Origen</h3>



<p class="wp-block-paragraph">Poema estadounidense del siglo XIX (<em>La noche antes de Navidad</em>).</p>



<h3 class="wp-block-heading">Role</h3>



<p class="wp-block-paragraph">Tire del <strong>El trineo de Papá Noel</strong>.</p>



<hr class="wp-block-separator has-alpha-channel-opacity"/>



<h2 class="wp-block-heading">👵 6. Madre Navidad</h2>



<h3 class="wp-block-heading">Origen</h3>



<p class="wp-block-paragraph">Apareció en el <strong>literatura anglosajona</strong> en el siglo XIX.</p>



<h3 class="wp-block-heading">Role</h3>



<p class="wp-block-paragraph">La esposa de Santa Claus, figura <strong>maternal y cariñosa</strong>.</p>



<hr class="wp-block-separator has-alpha-channel-opacity"/>



<h2 class="wp-block-heading">🎄 7. Los Reyes Magos</h2>



<h3 class="wp-block-heading">Origen</h3>



<p class="wp-block-paragraph">Mencionado en el<strong>Evangelio según Mateo</strong>.</p>



<h3 class="wp-block-heading">Role</h3>



<p class="wp-block-paragraph">Melchor, Gaspar y Baltasar traen regalos a Jesús.</p>



<hr class="wp-block-separator has-alpha-channel-opacity"/>



<h2 class="wp-block-heading">👩‍🦱 8. La Befana (Italia)</h2>



<h3 class="wp-block-heading">Origen</h3>



<p class="wp-block-paragraph">Tradición italiana, heredada de las creencias <strong>paganos</strong> luego cristianizado.</p>



<h3 class="wp-block-heading">Role</h3>



<p class="wp-block-paragraph">Anciana trayendo regalos <strong>6 de enero</strong>, como una bruja-hada benévola.</p>



<hr class="wp-block-separator has-alpha-channel-opacity"/>



<h2 class="wp-block-heading">🎅 9. Ded Moroz (Rusia) y Snegurochka</h2>



<h3 class="wp-block-heading">Origen</h3>



<p class="wp-block-paragraph">Desde <strong>folclore eslavo</strong>.</p>



<h3 class="wp-block-heading">Role</h3>



<p class="wp-block-paragraph">El abuelo Frost distribuye los regalos, ayudado por su nieta. <strong>Doncella de nieve</strong>, la doncella de nieve.</p>



<p class="wp-block-paragraph"></p>

<p>Personnages important de la fête de Noël 🎄 Les grands personnages de Noël et leurs histoires La fête est avant tout le rappel de la naissance de Jésus, comme décrit dans la Bible. Voici les personnages des textes bibliques: 🌟 Marie Marie, jeune femme humble et pleine de foi, est au cœur du mystère de&#8230;</p>
